{"id":1006,"date":"2025-10-27T21:25:51","date_gmt":"2025-10-27T20:25:51","guid":{"rendered":"https:\/\/mnzp-muzealnik.pl\/?page_id=1006"},"modified":"2026-02-09T12:55:48","modified_gmt":"2026-02-09T11:55:48","slug":"fajka-powstanca-1863","status":"publish","type":"page","link":"https:\/\/mnzp-muzealnik.pl\/index.php\/strona-glowna\/muzeum-dzwonow-i-fajek\/fajka-powstanca-1863\/","title":{"rendered":"Fajka powsta\u0144ca 1863"},"content":{"rendered":"\n<p>Fajka [MPS-f-229, wystawa fajek Wie\u017ca]<\/p>\n\n\n\n<p>Fajka z\u0142o\u017cona z barwion\u0105 sepiolitow\u0105 g\u0142\u00f3wk\u0105 zdobion\u0105 or\u0142em \u2013 god\u0142em Polski i dat\u0105 1863. Fajka jest mocno zu\u017cyta, kominek mocno opalony, i oszczerbiony. Dekoracja fajek zazwyczaj odzwierciedla\u0142a upodobania w\u0142a\u015bciciela i jego przekonania. Omawiana fajka s\u0142u\u017cy\u0142a demonstracji politycznych, by\u0142a szacunkiem dla polskiej przesz\u0142o\u015bci i czynu powsta\u0144czego. Fajka ma ciekawa histori\u0119 pozyskania. Stanowi\u0142a ona komplet oferowany do sprzeda\u017cy z mundurem i szabl\u0105 z okresu powstania 1863 roku. Przedmioty zosta\u0142y zakupione przez r\u00f3\u017cnych kolekcjoner\u00f3w. Nabywca fajki w p\u00f3\u017aniejszym okresie sprzeda\u0142 j\u0105 do muzeum. Fajka ta nale\u017cy do niewielu \u201epolonik\u00f3w\u201d z okresu powstania, znajduj\u0105cych si\u0119 w polskich zbiorach i kolekcjach prywatnych.<\/p>\n","protected":false},"excerpt":{"rendered":"<p>Fajka [MPS-f-229, wystawa fajek Wie\u017ca] Fajka z\u0142o\u017cona z barwion\u0105 sepiolitow\u0105 g\u0142\u00f3wk\u0105 zdobion\u0105 or\u0142em \u2013 god\u0142em Polski i dat\u0105 1863. Fajka jest mocno zu\u017cyta, kominek mocno opalony, i oszczerbiony. Dekoracja fajek zazwyczaj odzwierciedla\u0142a upodobania w\u0142a\u015bciciela i jego przekonania. Omawiana fajka s\u0142u\u017cy\u0142a demonstracji politycznych, by\u0142a szacunkiem dla polskiej przesz\u0142o\u015bci i czynu powsta\u0144czego. Fajka ma ciekawa histori\u0119 pozyskania. [&hellip;]<\/p>\n","protected":false},"author":1,"featured_media":1252,"parent":147,"menu_order":153,"comment_status":"closed","ping_status":"closed","template":"","meta":{"footnotes":""},"class_list":["post-1006","page","type-page","status-publish","has-post-thumbnail","hentry"],"_links":{"self":[{"href":"https:\/\/mnzp-muzealnik.pl\/index.php\/wp-json\/wp\/v2\/pages\/1006","targetHints":{"allow":["GET"]}}],"collection":[{"href":"https:\/\/mnzp-muzealnik.pl\/index.php\/wp-json\/wp\/v2\/pages"}],"about":[{"href":"https:\/\/mnzp-muzealnik.pl\/index.php\/wp-json\/wp\/v2\/types\/page"}],"author":[{"embeddable":true,"href":"https:\/\/mnzp-muzealnik.pl\/index.php\/wp-json\/wp\/v2\/users\/1"}],"replies":[{"embeddable":true,"href":"https:\/\/mnzp-muzealnik.pl\/index.php\/wp-json\/wp\/v2\/comments?post=1006"}],"version-history":[{"count":1,"href":"https:\/\/mnzp-muzealnik.pl\/index.php\/wp-json\/wp\/v2\/pages\/1006\/revisions"}],"predecessor-version":[{"id":1009,"href":"https:\/\/mnzp-muzealnik.pl\/index.php\/wp-json\/wp\/v2\/pages\/1006\/revisions\/1009"}],"up":[{"embeddable":true,"href":"https:\/\/mnzp-muzealnik.pl\/index.php\/wp-json\/wp\/v2\/pages\/147"}],"wp:featuredmedia":[{"embeddable":true,"href":"https:\/\/mnzp-muzealnik.pl\/index.php\/wp-json\/wp\/v2\/media\/1252"}],"wp:attachment":[{"href":"https:\/\/mnzp-muzealnik.pl\/index.php\/wp-json\/wp\/v2\/media?parent=1006"}],"curies":[{"name":"wp","href":"https:\/\/api.w.org\/{rel}","templated":true}]}}