{"id":1013,"date":"2025-10-27T21:28:41","date_gmt":"2025-10-27T20:28:41","guid":{"rendered":"https:\/\/mnzp-muzealnik.pl\/?page_id=1013"},"modified":"2026-01-07T21:57:31","modified_gmt":"2026-01-07T20:57:31","slug":"cygarniczki","status":"publish","type":"page","link":"https:\/\/mnzp-muzealnik.pl\/index.php\/strona-glowna\/muzeum-dzwonow-i-fajek\/cygarniczki\/","title":{"rendered":"Cygarniczki"},"content":{"rendered":"\n<p><strong>O cygarniczkach sepiolitowych [wystawa fajek Wie\u017ca]<\/strong><\/p>\n\n\n\n<p><strong>W\u015br\u00f3d cygarniczek sepiolitowych interesuj\u0105ce s\u0105 te misternie rze\u017abione z pe\u0142noplastycznymi przedstawieniami ludzi i zwierz\u0105t. Du\u017c\u0105 popularno\u015bci\u0105 cieszy\u0142y si\u0119 te zdobione wizerunkami kobiet w zwiewnych sukniach i wytwornych fryzurach. R\u00f3wnie ciekawe i misternie rze\u017abione s\u0105 cygarniczki w formie g\u0142\u00f3w ludzkich a tak\u017ce zwierz\u0105t. Spo\u015br\u00f3d prezentowanych cygarniczek do rzadko\u015bci nale\u017cy ta przedstawiaj\u0105ca m\u0119\u017cczyzn\u0119 z d\u0142ug\u0105 brod\u0105, w pruskim he\u0142mie &#8211; pikielhaubie. Inna cygarniczka, r\u00f3wnie\u017c rzadko wyst\u0119puj\u0105c\u0105 jest ta z wspaniale opracowanym portretem m\u0119\u017cczyzny z brod\u0105 w przechylonej na bok czapce fura\u017cerce z chwostem. Na szczeg\u00f3ln\u0105 uwag\u0119 zas\u0142uguje austriacka cygarniczka my\u015bliwska o kszta\u0142cie i strukturze rogu. Na nim, ukazana g\u0142owa m\u0119\u017cczyzny w my\u015bliwskiej czapce, w ustach trzyma papieros wykonany ze szk\u0142a. Ciekawe s\u0105 r\u00f3wnie\u017c g\u0142owy zwierz\u0105t, tak jak z wyj\u0105tkow\u0105 drobiazgowo\u015bci\u0105 opracowana g\u0142owa koz\u0142a. Godne zainteresowania jest r\u00f3wnie\u017c precyzyjnie wykonana cygarniczka o formie szponu ptaka &#8211; wyr\u00f3b niemiecki, popularny od po\u0142. XIX wieku. Sepiolitowe cygarniczki \u0142atwo ulega\u0142y uszkodzeniu, dlatego najcz\u0119\u015bciej przechowywano je w dopasowanych do ich kszta\u0142tu futera\u0142ach, wewn\u0105trz wy\u015bcielonych tkaninami.<\/strong><\/p>\n","protected":false},"excerpt":{"rendered":"<p>O cygarniczkach sepiolitowych [wystawa fajek Wie\u017ca] W\u015br\u00f3d cygarniczek sepiolitowych interesuj\u0105ce s\u0105 te misternie rze\u017abione z pe\u0142noplastycznymi przedstawieniami ludzi i zwierz\u0105t. Du\u017c\u0105 popularno\u015bci\u0105 cieszy\u0142y si\u0119 te zdobione wizerunkami kobiet w zwiewnych sukniach i wytwornych fryzurach. R\u00f3wnie ciekawe i misternie rze\u017abione s\u0105 cygarniczki w formie g\u0142\u00f3w ludzkich a tak\u017ce zwierz\u0105t. Spo\u015br\u00f3d prezentowanych cygarniczek do rzadko\u015bci nale\u017cy ta [&hellip;]<\/p>\n","protected":false},"author":1,"featured_media":1207,"parent":147,"menu_order":154,"comment_status":"closed","ping_status":"closed","template":"","meta":{"footnotes":""},"class_list":["post-1013","page","type-page","status-publish","has-post-thumbnail","hentry"],"_links":{"self":[{"href":"https:\/\/mnzp-muzealnik.pl\/index.php\/wp-json\/wp\/v2\/pages\/1013","targetHints":{"allow":["GET"]}}],"collection":[{"href":"https:\/\/mnzp-muzealnik.pl\/index.php\/wp-json\/wp\/v2\/pages"}],"about":[{"href":"https:\/\/mnzp-muzealnik.pl\/index.php\/wp-json\/wp\/v2\/types\/page"}],"author":[{"embeddable":true,"href":"https:\/\/mnzp-muzealnik.pl\/index.php\/wp-json\/wp\/v2\/users\/1"}],"replies":[{"embeddable":true,"href":"https:\/\/mnzp-muzealnik.pl\/index.php\/wp-json\/wp\/v2\/comments?post=1013"}],"version-history":[{"count":1,"href":"https:\/\/mnzp-muzealnik.pl\/index.php\/wp-json\/wp\/v2\/pages\/1013\/revisions"}],"predecessor-version":[{"id":1014,"href":"https:\/\/mnzp-muzealnik.pl\/index.php\/wp-json\/wp\/v2\/pages\/1013\/revisions\/1014"}],"up":[{"embeddable":true,"href":"https:\/\/mnzp-muzealnik.pl\/index.php\/wp-json\/wp\/v2\/pages\/147"}],"wp:featuredmedia":[{"embeddable":true,"href":"https:\/\/mnzp-muzealnik.pl\/index.php\/wp-json\/wp\/v2\/media\/1207"}],"wp:attachment":[{"href":"https:\/\/mnzp-muzealnik.pl\/index.php\/wp-json\/wp\/v2\/media?parent=1013"}],"curies":[{"name":"wp","href":"https:\/\/api.w.org\/{rel}","templated":true}]}}