{"id":250,"date":"2025-10-19T21:12:33","date_gmt":"2025-10-19T19:12:33","guid":{"rendered":"https:\/\/mnzp-muzealnik.pl\/?page_id=250"},"modified":"2026-02-09T12:47:18","modified_gmt":"2026-02-09T11:47:18","slug":"ikona-oltarzyk-alegoria-poczecia-mb","status":"publish","type":"page","link":"https:\/\/mnzp-muzealnik.pl\/index.php\/strona-glowna\/budynek-glowny-muzeum-narodowego-ziemi-przemyskiej\/credo-na-dwa-glosy\/ikona-oltarzyk-alegoria-poczecia-mb\/","title":{"rendered":"Ikona-o\u0142tarzyk \u201eAlegoria Pocz\u0119cia Matki Boskiej\u201d"},"content":{"rendered":"\n<p>Osiemnastowieczna ikona w obudowie o\u0142tarzykowej ma interesuj\u0105c\u0105 ikonografi\u0119 podejmuj\u0105c\u0105 temat Niepokalanego Pocz\u0119cia Matki Boskiej. W dolnej partii malowid\u0142a stoj\u0105 lekko zwr\u00f3ceni ku sobie \u015bw. Anna i \u015bw. Joachim. Z ich piersi wyrastaj\u0105 p\u0119dy \u0142\u0105cz\u0105ce si\u0119 w jedn\u0105 \u0142odyg\u0119 zwie\u0144czon\u0105 bia\u0142ym kwiatem, na kt\u00f3rym stoi m\u0142odzie\u0144cza Maryja otoczona rytowan\u0105 promienist\u0105 mandorl\u0105 i g\u0142\u00f3wkami anielskimi. Ponad Maryj\u0105 widoczny jest Duch \u015awi\u0119ty i wy\u0142aniaj\u0105cy si\u0119 z p\u00f3\u0142koli\u015bcie zaznaczonych ob\u0142ok\u00f3w B\u00f3g Ojciec b\u0142ogos\u0142awi\u0105cy gestem otwartych ramion. Ikona powsta\u0142a oko\u0142o po\u0142owy XVIII wieku, a dogmat o Niepokalanym Pocz\u0119ciu Maryi zatwierdzono dopiero 8 grudnia 1854 roku. Dogmat ten podkre\u015bla, \u017ce Maryja z Nazaretu \u201eod pierwszej chwili swego pocz\u0119cia \u2013 moc\u0105 szczeg\u00f3lnej \u0142aski i przywileju wszechmog\u0105cego Boga [\u2026] zosta\u0142a zachowana jako nietkni\u0119ta od wszelkiej zmazy grzechu pierworodnego\u201d. Zwraca uwag\u0119 ludowa stylistyka malowid\u0142a: sprymitywizowane formy i ograniczona gama barw sprawiaj\u0105, \u017ce zabytek ten mo\u017cna okre\u015bli\u0107 jako dzie\u0142o artysty kr\u0119gu rybotyckiego. Ikona pochodzi z cerkwi w Babicach, a do zbior\u00f3w trafi\u0142a w 1966 roku.<\/p>\n","protected":false},"excerpt":{"rendered":"<p>Osiemnastowieczna ikona w obudowie o\u0142tarzykowej ma interesuj\u0105c\u0105 ikonografi\u0119 podejmuj\u0105c\u0105 temat Niepokalanego Pocz\u0119cia Matki Boskiej. W dolnej partii malowid\u0142a stoj\u0105 lekko zwr\u00f3ceni ku sobie \u015bw. Anna i \u015bw. Joachim. Z ich piersi wyrastaj\u0105 p\u0119dy \u0142\u0105cz\u0105ce si\u0119 w jedn\u0105 \u0142odyg\u0119 zwie\u0144czon\u0105 bia\u0142ym kwiatem, na kt\u00f3rym stoi m\u0142odzie\u0144cza Maryja otoczona rytowan\u0105 promienist\u0105 mandorl\u0105 i g\u0142\u00f3wkami anielskimi. Ponad Maryj\u0105 [&hellip;]<\/p>\n","protected":false},"author":1,"featured_media":1239,"parent":121,"menu_order":14,"comment_status":"closed","ping_status":"closed","template":"","meta":{"footnotes":""},"class_list":["post-250","page","type-page","status-publish","has-post-thumbnail","hentry"],"_links":{"self":[{"href":"https:\/\/mnzp-muzealnik.pl\/index.php\/wp-json\/wp\/v2\/pages\/250","targetHints":{"allow":["GET"]}}],"collection":[{"href":"https:\/\/mnzp-muzealnik.pl\/index.php\/wp-json\/wp\/v2\/pages"}],"about":[{"href":"https:\/\/mnzp-muzealnik.pl\/index.php\/wp-json\/wp\/v2\/types\/page"}],"author":[{"embeddable":true,"href":"https:\/\/mnzp-muzealnik.pl\/index.php\/wp-json\/wp\/v2\/users\/1"}],"replies":[{"embeddable":true,"href":"https:\/\/mnzp-muzealnik.pl\/index.php\/wp-json\/wp\/v2\/comments?post=250"}],"version-history":[{"count":4,"href":"https:\/\/mnzp-muzealnik.pl\/index.php\/wp-json\/wp\/v2\/pages\/250\/revisions"}],"predecessor-version":[{"id":1240,"href":"https:\/\/mnzp-muzealnik.pl\/index.php\/wp-json\/wp\/v2\/pages\/250\/revisions\/1240"}],"up":[{"embeddable":true,"href":"https:\/\/mnzp-muzealnik.pl\/index.php\/wp-json\/wp\/v2\/pages\/121"}],"wp:featuredmedia":[{"embeddable":true,"href":"https:\/\/mnzp-muzealnik.pl\/index.php\/wp-json\/wp\/v2\/media\/1239"}],"wp:attachment":[{"href":"https:\/\/mnzp-muzealnik.pl\/index.php\/wp-json\/wp\/v2\/media?parent=250"}],"curies":[{"name":"wp","href":"https:\/\/api.w.org\/{rel}","templated":true}]}}