{"id":266,"date":"2025-10-19T21:14:16","date_gmt":"2025-10-19T19:14:16","guid":{"rendered":"https:\/\/mnzp-muzealnik.pl\/?page_id=266"},"modified":"2025-10-20T20:30:51","modified_gmt":"2025-10-20T18:30:51","slug":"kadzielnica","status":"publish","type":"page","link":"https:\/\/mnzp-muzealnik.pl\/index.php\/strona-glowna\/budynek-glowny-muzeum-narodowego-ziemi-przemyskiej\/credo-na-dwa-glosy\/kadzielnica\/","title":{"rendered":"Kadzielnica"},"content":{"rendered":"\n<p>Trybularz \u2013 kadzielnica u\u017cywana podczas liturgii w ko\u015bciele. Zosta\u0142a odlana ze stopu miedzi, prawdopodobnie br\u0105zu. Zasadniczo sk\u0142ada si\u0119 z dw\u00f3ch cz\u0119\u015bci \u2013 czary na \u017car wspartej na stopie i pokrywy z uchwytem, po\u0142\u0105czonych \u0142a\u0144cuszkami. Stopa jest sze\u015bcioboczna, o \u015brednicy pi\u0119ciu centymetr\u00f3w, z wyra\u017anie zaznaczonymi kraw\u0119dziami bok\u00f3w. Bardzo p\u0142ynnie przechodzi w niski trzon, r\u00f3wnie\u017c sze\u015bcioboczny, zw\u0119\u017caj\u0105cy si\u0119 ku g\u00f3rze. Na ko\u0144cu trzonu niedu\u017cy p\u0142aski kr\u0105\u017cek, tzw. talerzyk. Czara ma dno zaokr\u0105glone, a \u015bcianki na planie o\u015bmioboku o d\u0142u\u017cszych i kr\u00f3tszych bokach. Dla patrz\u0105cego z boku wygl\u0105da to tak, jakby kto\u015b w okr\u0105g\u0142ej misie wyci\u0105\u0142 cz\u0119\u015b\u0107 \u015bcianek, wstawiaj\u0105c na ich miejsce proste fragmenty dopasowane kszta\u0142tem do otwor\u00f3w, czyli zbli\u017cone do p\u00f3\u0142kola. Po\u015brodku prostych \u015bcianek przy kraw\u0119dzi uformowane s\u0105 ma\u0142e konchy, wystaj\u0105ce na zewn\u0105trz, w formie jednej czwartej (\u0107wierci) kuli. Na kraw\u0119dzi czary nad zaokr\u0105glonymi odcinkami \u015bcianek s\u0105 uformowane uchwyty \u0142a\u0144cuszk\u00f3w w formie p\u00f3\u0142koli z okr\u0105g\u0142ymi otworkami do ich zamocowania. A\u017curowa pokrywa ma form\u0119 zbli\u017con\u0105 do ostros\u0142upa \u015bci\u0119tego, na kwadratowej podstawie ze \u015bci\u0119tymi naro\u017cnikami, z o\u015bmiobocznym zwie\u0144czeniem. Na kraw\u0119dzi jest dopasowana do czary, z takimi samymi uchwytami \u0142a\u0144cuch\u00f3w i wyst\u0119pami po\u015brodku bok\u00f3w. P\u0142aszczyzny nad naro\u017cnikami rozszerzaj\u0105 si\u0119 ku g\u00f3rze, ku prostym kraw\u0119dziom. Na ca\u0142ej d\u0142ugo\u015bci stykaj\u0105 si\u0119 tr\u00f3jk\u0105tnymi bokami pokrywy. Wierzcho\u0142ki bok\u00f3w lekko zaokr\u0105glone. Zwie\u0144czenie wysokie, w formie ostros\u0142upa na o\u015bmiobocznej podstawie, o innym k\u0105cie nachylenia \u015bcianek ni\u017c pokrywa, ze zmian\u0105 nachylenia i szeroko\u015bci \u015bcianek w po\u0142owie wysoko\u015bci. \u015acianki dolnej cz\u0119\u015bci r\u00f3\u017cni\u0105 si\u0119 kszta\u0142tem i wielko\u015bci\u0105, w\u0119\u017csze i prostok\u0105tne s\u0105 nad wierzcho\u0142kami, nad rozszerzeniami maj\u0105 kszta\u0142t tr\u00f3jk\u0105t\u00f3w ze \u015bci\u0119tymi naro\u017cnikami. \u015acianki g\u00f3rnej cz\u0119\u015bci s\u0105 ju\u017c prawie jednakowe, na wierzcho\u0142ku uformowany jest p\u00f3\u0142kolisty uchwyt do \u0142a\u0144cuszka. Poza g\u00f3rn\u0105 cz\u0119\u015bci\u0105 zwie\u0144czenia w pokrywie s\u0105 wyci\u0119te otwory wentylacyjne, tzw. dymowe, lekko nieregularne, mniejsze okr\u0105g\u0142e, wi\u0119ksze prostok\u0105tne. Uchwyt kadzielnicy ma form\u0119 ma\u0142ej kopu\u0142ki z p\u0142askim brzegiem na planie kwadratu, wyci\u0119tym w \u0142uki. W kopu\u0142ce wyci\u0119te dwa okr\u0105g\u0142e otwory, przez kt\u00f3re s\u0105 przeci\u0105gni\u0119te \u0142a\u0144cuchy. Zachowane s\u0105 dwa \u0142a\u0144cuchy, z kt\u00f3rych jeden przeci\u0105gni\u0119ty jest przez dwie pary uchwyt\u00f3w w czarze i pokrywie, a drugi zamocowany do uchwytu w zwie\u0144czeniu. Oba s\u0105 zako\u0144czone du\u017cymi k\u00f3\u0142kami, widocznymi nad otworami w uchwycie.<\/p>\n","protected":false},"excerpt":{"rendered":"<p>Trybularz \u2013 kadzielnica u\u017cywana podczas liturgii w ko\u015bciele. Zosta\u0142a odlana ze stopu miedzi, prawdopodobnie br\u0105zu. Zasadniczo sk\u0142ada si\u0119 z dw\u00f3ch cz\u0119\u015bci \u2013 czary na \u017car wspartej na stopie i pokrywy z uchwytem, po\u0142\u0105czonych \u0142a\u0144cuszkami. Stopa jest sze\u015bcioboczna, o \u015brednicy pi\u0119ciu centymetr\u00f3w, z wyra\u017anie zaznaczonymi kraw\u0119dziami bok\u00f3w. Bardzo p\u0142ynnie przechodzi w niski trzon, r\u00f3wnie\u017c sze\u015bcioboczny, zw\u0119\u017caj\u0105cy [&hellip;]<\/p>\n","protected":false},"author":1,"featured_media":372,"parent":121,"menu_order":23,"comment_status":"closed","ping_status":"closed","template":"","meta":{"footnotes":""},"class_list":["post-266","page","type-page","status-publish","has-post-thumbnail","hentry"],"_links":{"self":[{"href":"https:\/\/mnzp-muzealnik.pl\/index.php\/wp-json\/wp\/v2\/pages\/266","targetHints":{"allow":["GET"]}}],"collection":[{"href":"https:\/\/mnzp-muzealnik.pl\/index.php\/wp-json\/wp\/v2\/pages"}],"about":[{"href":"https:\/\/mnzp-muzealnik.pl\/index.php\/wp-json\/wp\/v2\/types\/page"}],"author":[{"embeddable":true,"href":"https:\/\/mnzp-muzealnik.pl\/index.php\/wp-json\/wp\/v2\/users\/1"}],"replies":[{"embeddable":true,"href":"https:\/\/mnzp-muzealnik.pl\/index.php\/wp-json\/wp\/v2\/comments?post=266"}],"version-history":[{"count":2,"href":"https:\/\/mnzp-muzealnik.pl\/index.php\/wp-json\/wp\/v2\/pages\/266\/revisions"}],"predecessor-version":[{"id":374,"href":"https:\/\/mnzp-muzealnik.pl\/index.php\/wp-json\/wp\/v2\/pages\/266\/revisions\/374"}],"up":[{"embeddable":true,"href":"https:\/\/mnzp-muzealnik.pl\/index.php\/wp-json\/wp\/v2\/pages\/121"}],"wp:featuredmedia":[{"embeddable":true,"href":"https:\/\/mnzp-muzealnik.pl\/index.php\/wp-json\/wp\/v2\/media\/372"}],"wp:attachment":[{"href":"https:\/\/mnzp-muzealnik.pl\/index.php\/wp-json\/wp\/v2\/media?parent=266"}],"curies":[{"name":"wp","href":"https:\/\/api.w.org\/{rel}","templated":true}]}}