{"id":463,"date":"2025-10-20T20:16:42","date_gmt":"2025-10-20T18:16:42","guid":{"rendered":"https:\/\/mnzp-muzealnik.pl\/?page_id=463"},"modified":"2025-10-27T21:07:23","modified_gmt":"2025-10-27T20:07:23","slug":"situla-brazowa-z-przemysla-kazanowa","status":"publish","type":"page","link":"https:\/\/mnzp-muzealnik.pl\/index.php\/strona-glowna\/budynek-glowny-muzeum-narodowego-ziemi-przemyskiej\/panorama-pradziejow-i-wczesnego-sredniowieczaregionu-przemyskiego\/situla-brazowa-z-przemysla-kazanowa\/","title":{"rendered":"Situla br\u0105zowa z Przemy\u015bla-Kazanowa"},"content":{"rendered":"\n<p>Situla br\u0105zowa znaleziona w 1939 r. na terenie dzielnicy Kazan\u00f3w w Przemy\u015blu w trakcie bada\u0144 ratowniczych przeprowadzonych przez Kazimierza Marii Osi\u0144skiego. Wysoko\u015b\u0107 situli wynosi ok. 32,5 cm. Brzusiec w miejscu najwi\u0119kszej wyd\u0119to\u015bci ma \u015brednic\u0119 ok. 31,9 cm, wylew ok. 24,2 cm, a dno \u2013 19,5 cm. Przemyska situla to naczynie w typie wiaderka wykute z br\u0105zowej, wielokrotnie naprawianej blachy. Naczynie nie ma atasz czyli element\u00f3w s\u0142u\u017c\u0105cych do zaczepienia kab\u0142\u0105ka. Nie posiada te\u017c zachowanej \u017celaznej obr\u0119czy, kt\u00f3ra umo\u017cliwia\u0142aby jego przenoszenie. Zabytek ma niesymetryczny kszta\u0142t i bardzo nieregularny profil ze wzgl\u0119du na r\u0119czne wykonanie. Zniekszta\u0142cenia mog\u0142y r\u00f3wnie\u017c powsta\u0107 w trakcie u\u017cytkowania naczynia lub jako rezultat proces\u00f3w podepozycyjnych, dlatego podane wymiary dotycz\u0105ce \u015brednic zabytku s\u0105 do\u015b\u0107 umowne. G\u00f3rna cz\u0119\u015b\u0107 brzu\u015bca jest lekko uszkodzona w kilku miejscach. Przy dnie widoczne s\u0105 liczne \u0142aty i nity reparacyjne wykonywane w r\u00f3\u017cnym czasie przez rzemie\u015blnik\u00f3w o odmiennych tradycjach technologicznych. Situle wytwarzano na terenie Italii, Europy \u015brodkowej i po\u0142udniowo-wschodniej od okresu p\u00f3\u017anej epoki br\u0105zu. Naczynia pe\u0142ni\u0142y funkcj\u0119 u\u017cytkow\u0105 jako wiaderka do czerpania i noszenia wody b\u0105d\u017a rytualno-magiczn\u0105 w trakcie obrz\u0119d\u00f3w religijnych. Bywa\u0142y r\u00f3wnie\u017c wt\u00f3rnie wykorzystywane do czynno\u015bci pogrzebowych jako urny, w kt\u00f3rych deponowano spopielone ko\u015bci zmar\u0142ego. W przypadku przemyskiej situli nie zachowa\u0142y si\u0119 informacje o jej zawarto\u015bci, dlatego jej funkcja funeralna nie jest pewna. Zabytek przemyski okre\u015blono pierwotnie jako import rzymski, a jego datowanie ustalono na m\u0142odszy lub p\u00f3\u017any okres rzymski od I do IV w. n.e.. Ostatnie badania wskazuj\u0105 jednak, i\u017c naczynie mog\u0142o zosta\u0107 wykonane w warsztacie o tradycjach celtyckich na wz\u00f3r situl italskich. Za t\u0105 teori\u0105 przemawia zastosowana technika wykonania, czyli r\u0119czne wykuwanie oraz niekt\u00f3re metody naprawy np. wykorzystanie nit\u00f3w ze zrolowanej blachy. Brak atasz nie wyklucza zastosowania innego, niezachowanego rodzaju zamocowania. \u017belazne obr\u0119cze umieszczane na naczyniach i umo\u017cliwiaj\u0105ce lepsze roz\u0142o\u017cenie ci\u0119\u017caru mo\u017cna by\u0142o roznitowa\u0107 i \u015bci\u0105gn\u0105\u0107 bez pozostawiania \u015blad\u00f3w, a technika \u0142\u0105czenia br\u0105zu i element\u00f3w \u017celaznych uznawana jest za typow\u0105 dla rzemios\u0142a celtyckiego. Mo\u017cliwe wi\u0119c, i\u017c situla trafi\u0142a na tereny Przemy\u015bla ju\u017c w m\u0142odszym okresie przedrzymskim ok. I w. p.n.e.<\/p>\n","protected":false},"excerpt":{"rendered":"<p>Situla br\u0105zowa znaleziona w 1939 r. na terenie dzielnicy Kazan\u00f3w w Przemy\u015blu w trakcie bada\u0144 ratowniczych przeprowadzonych przez Kazimierza Marii Osi\u0144skiego. Wysoko\u015b\u0107 situli wynosi ok. 32,5 cm. Brzusiec w miejscu najwi\u0119kszej wyd\u0119to\u015bci ma \u015brednic\u0119 ok. 31,9 cm, wylew ok. 24,2 cm, a dno \u2013 19,5 cm. Przemyska situla to naczynie w typie wiaderka wykute z [&hellip;]<\/p>\n","protected":false},"author":1,"featured_media":860,"parent":123,"menu_order":47,"comment_status":"closed","ping_status":"closed","template":"","meta":{"footnotes":""},"class_list":["post-463","page","type-page","status-publish","has-post-thumbnail","hentry"],"_links":{"self":[{"href":"https:\/\/mnzp-muzealnik.pl\/index.php\/wp-json\/wp\/v2\/pages\/463","targetHints":{"allow":["GET"]}}],"collection":[{"href":"https:\/\/mnzp-muzealnik.pl\/index.php\/wp-json\/wp\/v2\/pages"}],"about":[{"href":"https:\/\/mnzp-muzealnik.pl\/index.php\/wp-json\/wp\/v2\/types\/page"}],"author":[{"embeddable":true,"href":"https:\/\/mnzp-muzealnik.pl\/index.php\/wp-json\/wp\/v2\/users\/1"}],"replies":[{"embeddable":true,"href":"https:\/\/mnzp-muzealnik.pl\/index.php\/wp-json\/wp\/v2\/comments?post=463"}],"version-history":[{"count":3,"href":"https:\/\/mnzp-muzealnik.pl\/index.php\/wp-json\/wp\/v2\/pages\/463\/revisions"}],"predecessor-version":[{"id":986,"href":"https:\/\/mnzp-muzealnik.pl\/index.php\/wp-json\/wp\/v2\/pages\/463\/revisions\/986"}],"up":[{"embeddable":true,"href":"https:\/\/mnzp-muzealnik.pl\/index.php\/wp-json\/wp\/v2\/pages\/123"}],"wp:featuredmedia":[{"embeddable":true,"href":"https:\/\/mnzp-muzealnik.pl\/index.php\/wp-json\/wp\/v2\/media\/860"}],"wp:attachment":[{"href":"https:\/\/mnzp-muzealnik.pl\/index.php\/wp-json\/wp\/v2\/media?parent=463"}],"curies":[{"name":"wp","href":"https:\/\/api.w.org\/{rel}","templated":true}]}}