{"id":479,"date":"2025-10-20T20:23:03","date_gmt":"2025-10-20T18:23:03","guid":{"rendered":"https:\/\/mnzp-muzealnik.pl\/?page_id=479"},"modified":"2025-10-23T16:20:36","modified_gmt":"2025-10-23T14:20:36","slug":"rakietnica","status":"publish","type":"page","link":"https:\/\/mnzp-muzealnik.pl\/index.php\/strona-glowna\/budynek-glowny-muzeum-narodowego-ziemi-przemyskiej\/rozstrzelane-miasto-przemysl-w-czasie-iiwojny-swiatowej\/rakietnica\/","title":{"rendered":"Pistolet sygna\u0142owy &#8211; rakietnica, Leuchtpistole 42, kal. 27 mm"},"content":{"rendered":"\n<p>Pistolet sygna\u0142owy\/rakietnica. Lufa okr\u0105g\u0142a, g\u0142adka o d\u0142ugo\u015bci 155 mm, kaliber 27 mm, \u0142amana, \u0142adowana od ty\u0142u. Blokowana prostym zamkiem. Ok\u0142adziny r\u0119koje\u015bci drewniane. Na pistolecie wybite oznaczenie &#8222;wa 223871&#8221;.<\/p>\n","protected":false},"excerpt":{"rendered":"<p>Pistolet sygna\u0142owy\/rakietnica. Lufa okr\u0105g\u0142a, g\u0142adka o d\u0142ugo\u015bci 155 mm, kaliber 27 mm, \u0142amana, \u0142adowana od ty\u0142u. Blokowana prostym zamkiem. Ok\u0142adziny r\u0119koje\u015bci drewniane. Na pistolecie wybite oznaczenie &#8222;wa 223871&#8221;.<\/p>\n","protected":false},"author":1,"featured_media":966,"parent":132,"menu_order":94,"comment_status":"closed","ping_status":"closed","template":"","meta":{"footnotes":""},"class_list":["post-479","page","type-page","status-publish","has-post-thumbnail","hentry"],"_links":{"self":[{"href":"https:\/\/mnzp-muzealnik.pl\/index.php\/wp-json\/wp\/v2\/pages\/479","targetHints":{"allow":["GET"]}}],"collection":[{"href":"https:\/\/mnzp-muzealnik.pl\/index.php\/wp-json\/wp\/v2\/pages"}],"about":[{"href":"https:\/\/mnzp-muzealnik.pl\/index.php\/wp-json\/wp\/v2\/types\/page"}],"author":[{"embeddable":true,"href":"https:\/\/mnzp-muzealnik.pl\/index.php\/wp-json\/wp\/v2\/users\/1"}],"replies":[{"embeddable":true,"href":"https:\/\/mnzp-muzealnik.pl\/index.php\/wp-json\/wp\/v2\/comments?post=479"}],"version-history":[{"count":2,"href":"https:\/\/mnzp-muzealnik.pl\/index.php\/wp-json\/wp\/v2\/pages\/479\/revisions"}],"predecessor-version":[{"id":968,"href":"https:\/\/mnzp-muzealnik.pl\/index.php\/wp-json\/wp\/v2\/pages\/479\/revisions\/968"}],"up":[{"embeddable":true,"href":"https:\/\/mnzp-muzealnik.pl\/index.php\/wp-json\/wp\/v2\/pages\/132"}],"wp:featuredmedia":[{"embeddable":true,"href":"https:\/\/mnzp-muzealnik.pl\/index.php\/wp-json\/wp\/v2\/media\/966"}],"wp:attachment":[{"href":"https:\/\/mnzp-muzealnik.pl\/index.php\/wp-json\/wp\/v2\/media?parent=479"}],"curies":[{"name":"wp","href":"https:\/\/api.w.org\/{rel}","templated":true}]}}