{"id":544,"date":"2025-10-20T21:31:34","date_gmt":"2025-10-20T19:31:34","guid":{"rendered":"https:\/\/mnzp-muzealnik.pl\/?page_id=544"},"modified":"2025-10-20T21:34:38","modified_gmt":"2025-10-20T19:34:38","slug":"piec","status":"publish","type":"page","link":"https:\/\/mnzp-muzealnik.pl\/index.php\/strona-glowna\/muzeum-historii-miasta-przemysla\/wielka-izba\/piec\/","title":{"rendered":"Piec"},"content":{"rendered":"\n<p>Piec kaflowy, dwukondygnacyjny, tzw. dwuskrzyniowy to jest z\u0142o\u017cony z cz\u0119\u015bci dolnej i dolnej oddzielonych gzymsem. Jest zbudowany z kafli reliefowych pokrytych barwnymi szkliwami, na murowanej podstawie. Podstawa wysoko\u015bci ok. 20 cm, z trzema arkadkami na \u015bcianach bocznych i dwiema na \u015bcianie tzw. czo\u0142owej (frontowej) pokryta jest zapraw\u0105 piaskowo-wapienn\u0105. Na niej jest ustawiony pierwszy rz\u0105d kafli, tzw. postumentowych, o falistej powierzchni, ozdobionych motywem li\u015bci akantu, bia\u0142ych na granatowym tle. Nad nimi mie\u015bci si\u0119 rz\u0105d kafli fryzowych z motywem tzw. jednoro\u017cc\u00f3w, ale w\u0142a\u015bciwie s\u0105 to fantastyczne stworzenia z g\u0142ow\u0105 i przednimi nogami konia z rogiem (jednoro\u017cca) a ty\u0142em w kszta\u0142cie zbli\u017conym do ogona delfina, z boczn\u0105 p\u0142etw\u0105 podobn\u0105 do li\u015bcia. Oba stworzenia s\u0105 u\u0142o\u017cone symetrycznie do ma\u0142ej ro\u015bliny po\u015brodku kafla. Motywy r\u00f3wnie\u017c s\u0105 bia\u0142e na granatowym tle, a g\u0142adkie pasy wyznaczaj\u0105ce pole z jednoro\u017ccami s\u0105 szkliwione na zielono. Na nimi znajduje si\u0119 rz\u0105d w\u0105skich kafli w kszta\u0142cie p\u00f3\u0142wa\u0142ka, z motywem bia\u0142ej kokardki z \u017c\u00f3\u0142tym w\u0119z\u0142em na granatowym tle. Obie kondygnacje piece s\u0105 zbudowane z kafli o takim samym wzorze. Jest to wz\u00f3r tzw. kontynuacyjny, co znaczy, \u017ce motywy z s\u0105siednich kafli \u0142\u0105cz\u0105 si\u0119 ze sob\u0105. Tworzy go motyw ma\u0142ej \u201erozety\u201d z czterech stylizowanych kielich\u00f3w dzwonk\u00f3w wok\u00f3\u0142 ma\u0142ego kolistego \u015brodka wpisanej w pola sieci. Sie\u0107 jest utworzona z g\u0142adkiej wst\u0119gi, kt\u00f3rej pionowo biegn\u0105ce pasma \u0142\u0105czone s\u0105 poprzecznymi ogniwami. T\u0142o kafli jest granatowe, motywy bia\u0142e, a \u0142\u0105czniki i \u015brodki \u017c\u00f3\u0142te. Dolna skrzynia dochodzi do \u015bciany wielkiej izby, gdy\u017c piec by\u0142 opalany z korytarza. G\u00f3rna skrzynia jest w\u0119\u017csza. Obie skrzynie oddziela \u0107wier\u0107kolisty gzyms z motywem li\u015bci akantu, bia\u0142ych na granatowym tle oraz rz\u0105d kafli fryzowych z jednoro\u017ccami, a powy\u017cej i poni\u017cej p\u00f3\u0142wa\u0142ki z kokardkami. G\u00f3rn\u0105 skrzyni\u0119 ko\u0144czy p\u00f3\u0142wa\u0142ek z kokardkami i fryz z motywem ga\u0142\u0105zek dzwonk\u00f3w w wazach, bia\u0142ych na granatowym tle, z zielonymi pasami na granicy pola. Ca\u0142o\u015b\u0107 wie\u0144czy gzyms z takim samym motywem jak na gzymsie pomi\u0119dzy skrzyniami. Na gzymsie jest ustawiona tzw. korona z p\u00f3\u0142kolistych kafli z motywem or\u0142a, r\u00f3wnie\u017c bia\u0142ego na granatowym tle. Korona, dzi\u00f3b i szpony or\u0142a s\u0105 \u017c\u00f3\u0142te, nasady skrzyde\u0142 zielone. Na bocznych kraw\u0119dziach kafli widniej\u0105 du\u017ce bia\u0142e li\u015bcie z zielonymi \u015brodkami, g\u0142adka kraw\u0119d\u017a jest pomalowana na zielono.<\/p>\n","protected":false},"excerpt":{"rendered":"<p>Piec kaflowy, dwukondygnacyjny, tzw. dwuskrzyniowy to jest z\u0142o\u017cony z cz\u0119\u015bci dolnej i dolnej oddzielonych gzymsem. Jest zbudowany z kafli reliefowych pokrytych barwnymi szkliwami, na murowanej podstawie. Podstawa wysoko\u015bci ok. 20 cm, z trzema arkadkami na \u015bcianach bocznych i dwiema na \u015bcianie tzw. czo\u0142owej (frontowej) pokryta jest zapraw\u0105 piaskowo-wapienn\u0105. Na niej jest ustawiony pierwszy rz\u0105d kafli, [&hellip;]<\/p>\n","protected":false},"author":1,"featured_media":0,"parent":153,"menu_order":103,"comment_status":"closed","ping_status":"closed","template":"","meta":{"footnotes":""},"class_list":["post-544","page","type-page","status-publish","hentry"],"_links":{"self":[{"href":"https:\/\/mnzp-muzealnik.pl\/index.php\/wp-json\/wp\/v2\/pages\/544","targetHints":{"allow":["GET"]}}],"collection":[{"href":"https:\/\/mnzp-muzealnik.pl\/index.php\/wp-json\/wp\/v2\/pages"}],"about":[{"href":"https:\/\/mnzp-muzealnik.pl\/index.php\/wp-json\/wp\/v2\/types\/page"}],"author":[{"embeddable":true,"href":"https:\/\/mnzp-muzealnik.pl\/index.php\/wp-json\/wp\/v2\/users\/1"}],"replies":[{"embeddable":true,"href":"https:\/\/mnzp-muzealnik.pl\/index.php\/wp-json\/wp\/v2\/comments?post=544"}],"version-history":[{"count":2,"href":"https:\/\/mnzp-muzealnik.pl\/index.php\/wp-json\/wp\/v2\/pages\/544\/revisions"}],"predecessor-version":[{"id":548,"href":"https:\/\/mnzp-muzealnik.pl\/index.php\/wp-json\/wp\/v2\/pages\/544\/revisions\/548"}],"up":[{"embeddable":true,"href":"https:\/\/mnzp-muzealnik.pl\/index.php\/wp-json\/wp\/v2\/pages\/153"}],"wp:attachment":[{"href":"https:\/\/mnzp-muzealnik.pl\/index.php\/wp-json\/wp\/v2\/media?parent=544"}],"curies":[{"name":"wp","href":"https:\/\/api.w.org\/{rel}","templated":true}]}}