{"id":605,"date":"2025-10-20T22:18:40","date_gmt":"2025-10-20T20:18:40","guid":{"rendered":"https:\/\/mnzp-muzealnik.pl\/?page_id=605"},"modified":"2026-01-12T14:20:37","modified_gmt":"2026-01-12T13:20:37","slug":"telefon-ericson","status":"publish","type":"page","link":"https:\/\/mnzp-muzealnik.pl\/index.php\/strona-glowna\/muzeum-historii-miasta-przemysla\/wnetrza-mieszczanskie\/telefon-ericson\/","title":{"rendered":"Telefon Ericsson"},"content":{"rendered":"\n<p>Telefon, czyli urz\u0105dzenie s\u0142u\u017c\u0105ce do odbierania i przesy\u0142ania d\u017awi\u0119k\u00f3w na odleg\u0142o\u015b\u0107, pod\u0142\u0105czone do \u0142\u0105cza (tzw. kabla telefonicznego) zosta\u0142o opatentowane w 1876 r. przez Aleksandra Grahama Bella w Stanach Zjednoczonych. Prace i do\u015bwiadczenia nad przesy\u0142aniem d\u017awi\u0119ku by\u0142y prowadzone te\u017c wcze\u015bniej, w r\u00f3\u017cnych krajach, a niekt\u00f3re zosta\u0142y uwie\u0144czone sukcesem. Jednak to Bell pierwszy zarejestrowa\u0142 sw\u00f3j wynalazek i wprowadzi\u0142 w u\u017cycie. W Polsce pierwsze pr\u00f3by z telefonem mia\u0142y miejsce ju\u017c w 1877 roku. Wkr\u00f3tce w wielu krajach powsta\u0142y firmy produkuj\u0105ce aparaty, centrale telefoniczne i inne potrzebne urz\u0105dzenia. Szwedzka firma Ericsson powsta\u0142a w 1876 roku i dzia\u0142a do dzisiaj. Jej wyroby pojawi\u0142y si\u0119 w Polsce na pocz\u0105tku XX wieku, a w 1904 roku firma za\u0142o\u017cy\u0142a w Warszawie pierwsz\u0105 central\u0119 telefoniczn\u0105. Prezentowany model aparatu telefonicznego powsta\u0142 zapewne na prze\u0142omie XIX\/XX w. O jako\u015bci wyrob\u00f3w firmy \u015bwiadczy d\u0142ugie u\u017cytkowanie aparatu, na co wskazuje wt\u00f3rna s\u0142uchawka, produkcji zak\u0142ad\u00f3w telefonicznych w Radomiu, powsta\u0142a prawdopodobnie w latach 50.- 60. XX wieku.<\/p>\n","protected":false},"excerpt":{"rendered":"<p>Telefon, czyli urz\u0105dzenie s\u0142u\u017c\u0105ce do odbierania i przesy\u0142ania d\u017awi\u0119k\u00f3w na odleg\u0142o\u015b\u0107, pod\u0142\u0105czone do \u0142\u0105cza (tzw. kabla telefonicznego) zosta\u0142o opatentowane w 1876 r. przez Aleksandra Grahama Bella w Stanach Zjednoczonych. Prace i do\u015bwiadczenia nad przesy\u0142aniem d\u017awi\u0119ku by\u0142y prowadzone te\u017c wcze\u015bniej, w r\u00f3\u017cnych krajach, a niekt\u00f3re zosta\u0142y uwie\u0144czone sukcesem. Jednak to Bell pierwszy zarejestrowa\u0142 sw\u00f3j wynalazek i [&hellip;]<\/p>\n","protected":false},"author":1,"featured_media":0,"parent":157,"menu_order":111,"comment_status":"closed","ping_status":"closed","template":"","meta":{"footnotes":""},"class_list":["post-605","page","type-page","status-publish","hentry"],"_links":{"self":[{"href":"https:\/\/mnzp-muzealnik.pl\/index.php\/wp-json\/wp\/v2\/pages\/605","targetHints":{"allow":["GET"]}}],"collection":[{"href":"https:\/\/mnzp-muzealnik.pl\/index.php\/wp-json\/wp\/v2\/pages"}],"about":[{"href":"https:\/\/mnzp-muzealnik.pl\/index.php\/wp-json\/wp\/v2\/types\/page"}],"author":[{"embeddable":true,"href":"https:\/\/mnzp-muzealnik.pl\/index.php\/wp-json\/wp\/v2\/users\/1"}],"replies":[{"embeddable":true,"href":"https:\/\/mnzp-muzealnik.pl\/index.php\/wp-json\/wp\/v2\/comments?post=605"}],"version-history":[{"count":3,"href":"https:\/\/mnzp-muzealnik.pl\/index.php\/wp-json\/wp\/v2\/pages\/605\/revisions"}],"predecessor-version":[{"id":1223,"href":"https:\/\/mnzp-muzealnik.pl\/index.php\/wp-json\/wp\/v2\/pages\/605\/revisions\/1223"}],"up":[{"embeddable":true,"href":"https:\/\/mnzp-muzealnik.pl\/index.php\/wp-json\/wp\/v2\/pages\/157"}],"wp:attachment":[{"href":"https:\/\/mnzp-muzealnik.pl\/index.php\/wp-json\/wp\/v2\/media?parent=605"}],"curies":[{"name":"wp","href":"https:\/\/api.w.org\/{rel}","templated":true}]}}