{"id":626,"date":"2025-10-20T22:29:37","date_gmt":"2025-10-20T20:29:37","guid":{"rendered":"https:\/\/mnzp-muzealnik.pl\/?page_id=626"},"modified":"2026-02-09T13:10:10","modified_gmt":"2026-02-09T12:10:10","slug":"podrozny-kuferek-z-flakonami-na-perfumy","status":"publish","type":"page","link":"https:\/\/mnzp-muzealnik.pl\/index.php\/strona-glowna\/muzeum-historii-miasta-przemysla\/wnetrza-mieszczanskie\/podrozny-kuferek-z-flakonami-na-perfumy\/","title":{"rendered":"Podr\u00f3\u017cny kuferek z flakonami na perfumy"},"content":{"rendered":"\n<p>R\u00f3\u017cnego rodzaju pachnid\u0142a by\u0142y znane ju\u017c w staro\u017cytno\u015bci. Podczas wykopalisk w Egipcie znaleziono szklane flakoniki na perfumy. By\u0142y znane i w innych krajach antyku, nie zapomniano o nich w krajach arabskich. W Europie wr\u00f3cono do nich w \u015bredniowieczu, a od renesansu coraz bardziej zacz\u0119\u0142y zyskiwa\u0107 na popularno\u015bci i na znaczeniu. Przede wszystkim ze wzgl\u0119du na zapach, kt\u00f3ry nie tylko sprawia\u0142 przyjemno\u015b\u0107, ale maskowa\u0142 r\u00f3\u017cne nieprzyjemne odory spotykane powszechnie w tamtych czasach. Podstaw\u0119 perfum stanowi\u0105 substancje zapachowe, g\u0142\u00f3wnie olejki, utrwalacze zapachu i rozpuszczalniki, przede wszystkim alkohole, stanowi\u0105ce podstaw\u0119 p\u0142ynnych zapach\u00f3w. U\u017cycie alkoholu, maj\u0105cego w\u0142a\u015bciwo\u015bci dezynfekcyjne, nadawa\u0142o podobne cechy perfumom, cho\u0107 ich u\u017cytkownicy zapewne nie zdawali sobie z tego sprawy. Przez wieki u\u017cywano naturalnych substancji zapachowych, przede wszystkim kwiatowych olejk\u00f3w eterycznych. Wyrobem perfum zajmowali si\u0119 wyspecjalizowani rzemie\u015blnicy, ale wody zapachowe oparte na podobnej zasadzie jak nalewki produkowano te\u017c domowym sposobem. By\u0142y ta\u0144sze, ale te\u017c nie tak trwa\u0142e jak produkty zawodowc\u00f3w. Ze wzgl\u0119du na cen\u0119 perfumy by\u0142y zwykle przechowywane w niedu\u017cych pojemnikach, w przeciwie\u0144stwie do r\u00f3\u017cnego rodzaju w\u00f3d perfumowanych. Takim przyk\u0142adem jest kuferek z pokryw\u0105, a w nim dwa du\u017ce szklane flakony z korkami, umieszczone w dopasowanych przegrodach. Nie wiadomo, czy s\u0105 one wyrobem perfumiarskim, czy domowym, ale zachowa\u0142y si\u0119 w nich kwiaty lilii w alkoholowej zalewie.<\/p>\n","protected":false},"excerpt":{"rendered":"<p>R\u00f3\u017cnego rodzaju pachnid\u0142a by\u0142y znane ju\u017c w staro\u017cytno\u015bci. Podczas wykopalisk w Egipcie znaleziono szklane flakoniki na perfumy. By\u0142y znane i w innych krajach antyku, nie zapomniano o nich w krajach arabskich. W Europie wr\u00f3cono do nich w \u015bredniowieczu, a od renesansu coraz bardziej zacz\u0119\u0142y zyskiwa\u0107 na popularno\u015bci i na znaczeniu. Przede wszystkim ze wzgl\u0119du na [&hellip;]<\/p>\n","protected":false},"author":1,"featured_media":1270,"parent":157,"menu_order":116,"comment_status":"closed","ping_status":"closed","template":"","meta":{"footnotes":""},"class_list":["post-626","page","type-page","status-publish","has-post-thumbnail","hentry"],"_links":{"self":[{"href":"https:\/\/mnzp-muzealnik.pl\/index.php\/wp-json\/wp\/v2\/pages\/626","targetHints":{"allow":["GET"]}}],"collection":[{"href":"https:\/\/mnzp-muzealnik.pl\/index.php\/wp-json\/wp\/v2\/pages"}],"about":[{"href":"https:\/\/mnzp-muzealnik.pl\/index.php\/wp-json\/wp\/v2\/types\/page"}],"author":[{"embeddable":true,"href":"https:\/\/mnzp-muzealnik.pl\/index.php\/wp-json\/wp\/v2\/users\/1"}],"replies":[{"embeddable":true,"href":"https:\/\/mnzp-muzealnik.pl\/index.php\/wp-json\/wp\/v2\/comments?post=626"}],"version-history":[{"count":1,"href":"https:\/\/mnzp-muzealnik.pl\/index.php\/wp-json\/wp\/v2\/pages\/626\/revisions"}],"predecessor-version":[{"id":627,"href":"https:\/\/mnzp-muzealnik.pl\/index.php\/wp-json\/wp\/v2\/pages\/626\/revisions\/627"}],"up":[{"embeddable":true,"href":"https:\/\/mnzp-muzealnik.pl\/index.php\/wp-json\/wp\/v2\/pages\/157"}],"wp:featuredmedia":[{"embeddable":true,"href":"https:\/\/mnzp-muzealnik.pl\/index.php\/wp-json\/wp\/v2\/media\/1270"}],"wp:attachment":[{"href":"https:\/\/mnzp-muzealnik.pl\/index.php\/wp-json\/wp\/v2\/media?parent=626"}],"curies":[{"name":"wp","href":"https:\/\/api.w.org\/{rel}","templated":true}]}}