{"id":668,"date":"2025-10-20T22:53:53","date_gmt":"2025-10-20T20:53:53","guid":{"rendered":"https:\/\/mnzp-muzealnik.pl\/?page_id=668"},"modified":"2025-10-20T22:58:17","modified_gmt":"2025-10-20T20:58:17","slug":"portrait-of-irena-sliwa","status":"publish","type":"page","link":"https:\/\/mnzp-muzealnik.pl\/index.php\/en\/main-page\/museum-of-the-history-of-the-city-of-przemysl\/marian-stronski\/portrait-of-irena-sliwa\/","title":{"rendered":"&#8222;Portrait of Irena \u015aliwa&#8221;"},"content":{"rendered":"\n<p>Marian Stro\u0144ski, &#8222;Portrait of Irena \u015aliwa,&#8221; circa 1960, oil paints on fiberboard. The painting measures 95 x 75 centimeters. Collection of the National Museum of the Przemy\u015bl Region in Przemy\u015bl. The painting depicts a realistic portrait of a woman seated in an interior. In the foreground, a woman of about forty sits in an armchair. She is shown knee-high. She is turned slightly sideways, to the left. Her face is straight ahead. She is wearing a gray knee-length skirt and a blue button-up sweater. Under the sweater, she wears a pink blouse with a collar. The blouse is buttoned at the neck with a silver, oval brooch with a coral center. The woman holds the armrest of the armchair with her right hand. Her left hand is placed on her lap, holding a yellow rose. This rose is an attribute of women. Irena \u015aliwa was an amateur painter from Przemy\u015bl. She painted landscapes and views of Przemy\u015bl. However, her favorite motif was flowers. That&#8217;s why Marian Stro\u0144ski portrayed her holding a flower in her hand. The woman has a clear, calm face and gray-blue eyes. She wears large, round blue earrings or clips in her ears. She has dark brown hair, which she has styled into a sleek, parted hairstyle and pinned back at the back of her head. To the right of the woman&#8217;s face, on the back of an armchair, is a red flower against a blue background. It&#8217;s the armchair&#8217;s upholstery or some fabric hanging on the furniture. Marian Stro\u0144ski greatly enjoyed using colorful materials and carpets as decoration for the portraits he painted. The background in &#8222;Portrait of Irena \u015aliwa&#8221; is not smooth. Behind the woman, on the left, the artist painted a painting of the Virgin Mary and Child. It is faint, as if blurred and hidden in shadow. This is decoration, or perhaps Irena \u015aliwa&#8217;s dream of a child, illustrated by the painter. Irena \u015aliwa, called &#8222;Przemy\u015bl&#8217;s flower painter.&#8221; She was born in 1923 and died in 2012 in Przemy\u015bl, where she lived and worked throughout her life. She was a co-founder of the Club of Non-Professional Visual Artists.<\/p>\n","protected":false},"excerpt":{"rendered":"<p>Marian Stro\u0144ski, &#8222;Portrait of Irena \u015aliwa,&#8221; circa 1960, oil paints on fiberboard. The painting measures 95 x 75 centimeters. Collection of the National Museum of the Przemy\u015bl Region in Przemy\u015bl. The painting depicts a realistic portrait of a woman seated in an interior. In the foreground, a woman of about forty sits in an armchair. [&hellip;]<\/p>\n","protected":false},"author":1,"featured_media":675,"parent":671,"menu_order":124,"comment_status":"closed","ping_status":"closed","template":"","meta":{"footnotes":""},"class_list":["post-668","page","type-page","status-publish","has-post-thumbnail","hentry"],"_links":{"self":[{"href":"https:\/\/mnzp-muzealnik.pl\/index.php\/wp-json\/wp\/v2\/pages\/668","targetHints":{"allow":["GET"]}}],"collection":[{"href":"https:\/\/mnzp-muzealnik.pl\/index.php\/wp-json\/wp\/v2\/pages"}],"about":[{"href":"https:\/\/mnzp-muzealnik.pl\/index.php\/wp-json\/wp\/v2\/types\/page"}],"author":[{"embeddable":true,"href":"https:\/\/mnzp-muzealnik.pl\/index.php\/wp-json\/wp\/v2\/users\/1"}],"replies":[{"embeddable":true,"href":"https:\/\/mnzp-muzealnik.pl\/index.php\/wp-json\/wp\/v2\/comments?post=668"}],"version-history":[{"count":1,"href":"https:\/\/mnzp-muzealnik.pl\/index.php\/wp-json\/wp\/v2\/pages\/668\/revisions"}],"predecessor-version":[{"id":669,"href":"https:\/\/mnzp-muzealnik.pl\/index.php\/wp-json\/wp\/v2\/pages\/668\/revisions\/669"}],"up":[{"embeddable":true,"href":"https:\/\/mnzp-muzealnik.pl\/index.php\/wp-json\/wp\/v2\/pages\/671"}],"wp:featuredmedia":[{"embeddable":true,"href":"https:\/\/mnzp-muzealnik.pl\/index.php\/wp-json\/wp\/v2\/media\/675"}],"wp:attachment":[{"href":"https:\/\/mnzp-muzealnik.pl\/index.php\/wp-json\/wp\/v2\/media?parent=668"}],"curies":[{"name":"wp","href":"https:\/\/api.w.org\/{rel}","templated":true}]}}