{"id":721,"date":"2025-10-21T23:16:57","date_gmt":"2025-10-21T21:16:57","guid":{"rendered":"https:\/\/mnzp-muzealnik.pl\/?page_id=721"},"modified":"2025-10-21T23:17:08","modified_gmt":"2025-10-21T21:17:08","slug":"praca-dyplowowa","status":"publish","type":"page","link":"https:\/\/mnzp-muzealnik.pl\/index.php\/strona-glowna\/muzeum-historii-miasta-przemysla\/marian-stronski\/praca-dyplowowa\/","title":{"rendered":"Praca dyplowowa"},"content":{"rendered":"\n<p>\u201eStudium starca\u201d. Widzisz przed sob\u0105 du\u017c\u0105, czarno-bia\u0142\u0105 reprodukcj\u0119 obrazu \u201eStudium starca\u201d. Po lewej stronie u g\u00f3ry nalepiona jest kartka papieru z napisem \u201eMEDAL SREBRNY\u201d. Marian Stro\u0144ski namalowa\u0142 ten obraz podczas ostatniego roku studi\u00f3w na Akademii Sztuk Pi\u0119knych w Krakowie. Otrzyma\u0142 za niego medal, kt\u00f3ry prezentowany jest w gablocie obok, oraz nagrod\u0119 pieni\u0119\u017cn\u0105. \u201eStudium starca\u201d przez lata uwa\u017cany by\u0142 za zaginiony. W rodzinie artysty zachowa\u0142a si\u0119 tylko jego fotografia. Kilka lat temu obraz zosta\u0142 odnaleziony w zbiorach prywatnych. W\u0142a\u015bciciele kupili go w sklepie z antykami, jako dzie\u0142o nowos\u0105deckiego malarza Boles\u0142awa Barbackiego. Sk\u0105d wynikn\u0119\u0142a ta pomy\u0142ka? Mianowicie w zbiorach Muzeum Okr\u0119gowego w Nowym S\u0105czu znajduje si\u0119 obraz namalowany przez Boles\u0142awa Barbackiego, przedstawiaj\u0105cy tego samego starego m\u0119\u017cczyzn\u0119, ukazanego w tej samej pozycji, lecz pod innym k\u0105tem. Okaza\u0142o si\u0119, \u017ce Boles\u0142aw Barbacki i Marian Stro\u0144ski studiowali w tym samym czasie na Akademii Sztuk Pi\u0119knych w pracowni Teodora Axentowicza. Obraz \u201eStudium starca\u201d autorstwa Mariana Stro\u0144skiego, w nieznanych okoliczno\u015bciach znalaz\u0142 si\u0119 w posiadaniu Boles\u0142awa Barbackiego i by\u0142 wystawiony na sprzeda\u017c wraz z innymi przedmiotami Barbackiego, jako cz\u0119\u015b\u0107 spu\u015bcizny po nim.<\/p>\n","protected":false},"excerpt":{"rendered":"<p>\u201eStudium starca\u201d. Widzisz przed sob\u0105 du\u017c\u0105, czarno-bia\u0142\u0105 reprodukcj\u0119 obrazu \u201eStudium starca\u201d. Po lewej stronie u g\u00f3ry nalepiona jest kartka papieru z napisem \u201eMEDAL SREBRNY\u201d. Marian Stro\u0144ski namalowa\u0142 ten obraz podczas ostatniego roku studi\u00f3w na Akademii Sztuk Pi\u0119knych w Krakowie. Otrzyma\u0142 za niego medal, kt\u00f3ry prezentowany jest w gablocie obok, oraz nagrod\u0119 pieni\u0119\u017cn\u0105. \u201eStudium starca\u201d przez [&hellip;]<\/p>\n","protected":false},"author":1,"featured_media":0,"parent":161,"menu_order":136,"comment_status":"closed","ping_status":"closed","template":"","meta":{"footnotes":""},"class_list":["post-721","page","type-page","status-publish","hentry"],"_links":{"self":[{"href":"https:\/\/mnzp-muzealnik.pl\/index.php\/wp-json\/wp\/v2\/pages\/721","targetHints":{"allow":["GET"]}}],"collection":[{"href":"https:\/\/mnzp-muzealnik.pl\/index.php\/wp-json\/wp\/v2\/pages"}],"about":[{"href":"https:\/\/mnzp-muzealnik.pl\/index.php\/wp-json\/wp\/v2\/types\/page"}],"author":[{"embeddable":true,"href":"https:\/\/mnzp-muzealnik.pl\/index.php\/wp-json\/wp\/v2\/users\/1"}],"replies":[{"embeddable":true,"href":"https:\/\/mnzp-muzealnik.pl\/index.php\/wp-json\/wp\/v2\/comments?post=721"}],"version-history":[{"count":1,"href":"https:\/\/mnzp-muzealnik.pl\/index.php\/wp-json\/wp\/v2\/pages\/721\/revisions"}],"predecessor-version":[{"id":722,"href":"https:\/\/mnzp-muzealnik.pl\/index.php\/wp-json\/wp\/v2\/pages\/721\/revisions\/722"}],"up":[{"embeddable":true,"href":"https:\/\/mnzp-muzealnik.pl\/index.php\/wp-json\/wp\/v2\/pages\/161"}],"wp:attachment":[{"href":"https:\/\/mnzp-muzealnik.pl\/index.php\/wp-json\/wp\/v2\/media?parent=721"}],"curies":[{"name":"wp","href":"https:\/\/api.w.org\/{rel}","templated":true}]}}