{"id":725,"date":"2025-10-21T23:18:15","date_gmt":"2025-10-21T21:18:15","guid":{"rendered":"https:\/\/mnzp-muzealnik.pl\/?page_id=725"},"modified":"2025-10-21T23:22:27","modified_gmt":"2025-10-21T21:22:27","slug":"odontologiczny-model-gipsowy","status":"publish","type":"page","link":"https:\/\/mnzp-muzealnik.pl\/index.php\/strona-glowna\/muzeum-historii-miasta-przemysla\/dawna-klasa\/odontologiczny-model-gipsowy\/","title":{"rendered":"Odontologiczny model gipsowy"},"content":{"rendered":"\n<p>Model odontologiczny, anatomiczny model stomatologiczny, pomoc dydaktyczna do nauki anatomii. Model z\u0119bowy lub model dentystyczny. Model anatomiczny \u017cuchwy Ta pomoc naukowa pochodzi z pracowni przyrodniczej II Pa\u0144stwowego Gimnazjum w Przemy\u015blu na Zasaniu. Model zosta\u0142 sprowadzony przez profesora przyrody i przyrodoznawstwa Juliana Kubrakiewicza, prowadz\u0105cego gabinet przyrodniczy w latach 1921-1931, II Pa\u0144stwowego Gimnazjum (od 1922 roku II Gimnazjum im. prof. Kazimierza Morawskiego w Przemy\u015blu). Ten i inne modele s\u0142u\u017cy\u0142y do nauki anatomii. Gipsowy model ludzkiej \u017cuchwy pokazuj\u0105cy budow\u0119 anatomiczn\u0105 oraz po\u0142o\u017cenie z\u0119b\u00f3w w prawym dolnym \u0142uku, w postaci prostok\u0105tnej gipsowej lakierowanej plakiety Okaz pokazuje przekr\u00f3j wargi, warstwy kostnej oraz rodzaje z\u0119b\u00f3w, ich budow\u0119 zewn\u0119trzn\u0105 i wewn\u0119trzn\u0105. Siekacze (jeden od\u0142amany), z\u0119by trzonowe i przedtrzonowe z przekrojami, maj\u0105 barw\u0119 kremow\u0105. Dzi\u0105s\u0142o jest r\u00f3\u017cowe. Nitki naczy\u0144 krwiono\u015bnych czerwone, nerw\u00f3w szare. Pokazane \u0105 te\u017c zawi\u0105zki z\u0119b\u00f3w jest te\u017c spos\u00f3b powstawania , oraz patologia z\u0119b\u00f3w. Pogl\u0105dowo zobrazowane jest zjawisko wymiany z\u0119b\u00f3w mlecznych na z\u0119by sta\u0142e. Kilka struktur anatomicznych jest ponumerowanych. Model wykonany zosta\u0142 w niemieckiej pracowni na Uniwersytecie w Lipsku gdzie rze\u017abiarz Franz Josef Steger (1845-1938) wsp\u00f3\u0142pracowa\u0142 z patologicznym anatomem Carlem Ernstem Bockiem (1809-1874).<\/p>\n","protected":false},"excerpt":{"rendered":"<p>Model odontologiczny, anatomiczny model stomatologiczny, pomoc dydaktyczna do nauki anatomii. Model z\u0119bowy lub model dentystyczny. Model anatomiczny \u017cuchwy Ta pomoc naukowa pochodzi z pracowni przyrodniczej II Pa\u0144stwowego Gimnazjum w Przemy\u015blu na Zasaniu. Model zosta\u0142 sprowadzony przez profesora przyrody i przyrodoznawstwa Juliana Kubrakiewicza, prowadz\u0105cego gabinet przyrodniczy w latach 1921-1931, II Pa\u0144stwowego Gimnazjum (od 1922 roku II [&hellip;]<\/p>\n","protected":false},"author":1,"featured_media":729,"parent":163,"menu_order":137,"comment_status":"closed","ping_status":"closed","template":"","meta":{"footnotes":""},"class_list":["post-725","page","type-page","status-publish","has-post-thumbnail","hentry"],"_links":{"self":[{"href":"https:\/\/mnzp-muzealnik.pl\/index.php\/wp-json\/wp\/v2\/pages\/725","targetHints":{"allow":["GET"]}}],"collection":[{"href":"https:\/\/mnzp-muzealnik.pl\/index.php\/wp-json\/wp\/v2\/pages"}],"about":[{"href":"https:\/\/mnzp-muzealnik.pl\/index.php\/wp-json\/wp\/v2\/types\/page"}],"author":[{"embeddable":true,"href":"https:\/\/mnzp-muzealnik.pl\/index.php\/wp-json\/wp\/v2\/users\/1"}],"replies":[{"embeddable":true,"href":"https:\/\/mnzp-muzealnik.pl\/index.php\/wp-json\/wp\/v2\/comments?post=725"}],"version-history":[{"count":2,"href":"https:\/\/mnzp-muzealnik.pl\/index.php\/wp-json\/wp\/v2\/pages\/725\/revisions"}],"predecessor-version":[{"id":737,"href":"https:\/\/mnzp-muzealnik.pl\/index.php\/wp-json\/wp\/v2\/pages\/725\/revisions\/737"}],"up":[{"embeddable":true,"href":"https:\/\/mnzp-muzealnik.pl\/index.php\/wp-json\/wp\/v2\/pages\/163"}],"wp:featuredmedia":[{"embeddable":true,"href":"https:\/\/mnzp-muzealnik.pl\/index.php\/wp-json\/wp\/v2\/media\/729"}],"wp:attachment":[{"href":"https:\/\/mnzp-muzealnik.pl\/index.php\/wp-json\/wp\/v2\/media?parent=725"}],"curies":[{"name":"wp","href":"https:\/\/api.w.org\/{rel}","templated":true}]}}