{"id":744,"date":"2025-10-21T23:26:51","date_gmt":"2025-10-21T21:26:51","guid":{"rendered":"https:\/\/mnzp-muzealnik.pl\/?page_id=744"},"modified":"2025-10-21T23:27:13","modified_gmt":"2025-10-21T21:27:13","slug":"koral-madreporowy","status":"publish","type":"page","link":"https:\/\/mnzp-muzealnik.pl\/index.php\/strona-glowna\/muzeum-historii-miasta-przemysla\/dawna-klasa\/koral-madreporowy\/","title":{"rendered":"Koral madreporowy"},"content":{"rendered":"\n<p>Naturalny szkielet koralowca Rydz\u00f3wki [Fungia fungites (L. 1758)]. Koralowce &#8211; Anthozoa (z greckiego \u201ekwiatozwierz\u201d), to morskie zwierz\u0119ta bezkr\u0119gowe, parzyde\u0142kowce \u017cyj\u0105ce w formie polipa. Okazem jest naturalny wapienny szkielet koralowca kamiennego, osadzony na drewnianym postumencie zbli\u017conym wielko\u015bci\u0105 do okazu. Okr\u0105g\u0142y, w przybli\u017ceniu, koralowiec ma \u015brednic\u0119 11,2 cm i grubo\u015b\u0107 2,8 cm. Przedstawiony obiekt to pomoc naukowa do zaj\u0119\u0107 z historii naturalnej (przyrody) pochodz\u0105ca z gabinetu szkolnego do nauki historii naturalnej, przemyskiego c.k Gimnazjum na Zasaniu. Pochodzi z Pragi, \u00f3wcze\u015bnie Austro-W\u0119gry (obecnie Czechy). Wytworzona na prze\u0142omie XIX\/XX wieku w firmie wytwarzaj\u0105cej pomoce naukowe Lehrmittel\/ Naturalienhandlung \/V.Fric\/Prag. V\u00e1clav (Wenzel) Fri\u010d (1839\u20131916) otworzy\u0142 firm\u0119 przyrodnicz\u0105 w 1862 roku, dostarcza\u0142a ona okazy mineralne, botaniczne i zwierz\u0119ce prywatnym kolekcjonerom, muzeom i instytucjom edukacyjnym.<\/p>\n","protected":false},"excerpt":{"rendered":"<p>Naturalny szkielet koralowca Rydz\u00f3wki [Fungia fungites (L. 1758)]. Koralowce &#8211; Anthozoa (z greckiego \u201ekwiatozwierz\u201d), to morskie zwierz\u0119ta bezkr\u0119gowe, parzyde\u0142kowce \u017cyj\u0105ce w formie polipa. Okazem jest naturalny wapienny szkielet koralowca kamiennego, osadzony na drewnianym postumencie zbli\u017conym wielko\u015bci\u0105 do okazu. Okr\u0105g\u0142y, w przybli\u017ceniu, koralowiec ma \u015brednic\u0119 11,2 cm i grubo\u015b\u0107 2,8 cm. Przedstawiony obiekt to pomoc naukowa [&hellip;]<\/p>\n","protected":false},"author":1,"featured_media":745,"parent":163,"menu_order":141,"comment_status":"closed","ping_status":"closed","template":"","meta":{"footnotes":""},"class_list":["post-744","page","type-page","status-publish","has-post-thumbnail","hentry"],"_links":{"self":[{"href":"https:\/\/mnzp-muzealnik.pl\/index.php\/wp-json\/wp\/v2\/pages\/744","targetHints":{"allow":["GET"]}}],"collection":[{"href":"https:\/\/mnzp-muzealnik.pl\/index.php\/wp-json\/wp\/v2\/pages"}],"about":[{"href":"https:\/\/mnzp-muzealnik.pl\/index.php\/wp-json\/wp\/v2\/types\/page"}],"author":[{"embeddable":true,"href":"https:\/\/mnzp-muzealnik.pl\/index.php\/wp-json\/wp\/v2\/users\/1"}],"replies":[{"embeddable":true,"href":"https:\/\/mnzp-muzealnik.pl\/index.php\/wp-json\/wp\/v2\/comments?post=744"}],"version-history":[{"count":1,"href":"https:\/\/mnzp-muzealnik.pl\/index.php\/wp-json\/wp\/v2\/pages\/744\/revisions"}],"predecessor-version":[{"id":746,"href":"https:\/\/mnzp-muzealnik.pl\/index.php\/wp-json\/wp\/v2\/pages\/744\/revisions\/746"}],"up":[{"embeddable":true,"href":"https:\/\/mnzp-muzealnik.pl\/index.php\/wp-json\/wp\/v2\/pages\/163"}],"wp:featuredmedia":[{"embeddable":true,"href":"https:\/\/mnzp-muzealnik.pl\/index.php\/wp-json\/wp\/v2\/media\/745"}],"wp:attachment":[{"href":"https:\/\/mnzp-muzealnik.pl\/index.php\/wp-json\/wp\/v2\/media?parent=744"}],"curies":[{"name":"wp","href":"https:\/\/api.w.org\/{rel}","templated":true}]}}