{"id":756,"date":"2025-10-21T23:31:31","date_gmt":"2025-10-21T21:31:31","guid":{"rendered":"https:\/\/mnzp-muzealnik.pl\/?page_id=756"},"modified":"2026-02-09T13:03:36","modified_gmt":"2026-02-09T12:03:36","slug":"wyposazenie-klasy","status":"publish","type":"page","link":"https:\/\/mnzp-muzealnik.pl\/index.php\/strona-glowna\/muzeum-historii-miasta-przemysla\/dawna-klasa\/wyposazenie-klasy\/","title":{"rendered":"Wyposa\u017cenie klasy"},"content":{"rendered":"\n<p>Wchodz\u0105c do sali wystawowej \u201eDawna Klasa\u201d po prawej stronie znajduje si\u0119 odtworzona klasa szkolna. Mieszcz\u0105 si\u0119 tutaj dwa rz\u0119dy szkolnych \u0142awek w kt\u00f3rych kiedy\u015b siedzieli uczniowie. \u0141awki wykonane s\u0105 z drewna w kolorze zielonym. Ka\u017cda \u0142awka jest dwuosobowa, a po \u015brodku posiada miejsce na szklany ka\u0142amarz. Dla ka\u017cdego ucznia przygotowane jest r\u00f3wnie\u017c g\u0119sie pi\u00f3ro oraz bia\u0142o \u2013 granatowy ko\u0142nierzyk. W\u015br\u00f3d \u0142awek mo\u017cemy natkn\u0105\u0107 si\u0119 r\u00f3wnie\u017c na stare, drewniane pi\u00f3rniki czy te\u017c tornistry. Pierwsza tzw. o\u015bla \u0142awka po prawej stronie jest przeznaczona dla niesfornych i leniwych uczni\u00f3w. Obok stoi obrotowa tablica zamocowana na sta\u0142e w drewnianym stela\u017cu. Tu\u017c obok tablicy znajduj\u0105 si\u0119 trzy worki wype\u0142nione ziarnami grochu. Kl\u0119czenie na grochu by\u0142o jednym z przyk\u0142ad\u00f3w kar cielesnych, kt\u00f3re mia\u0142y na celu dyscyplinowanie ucznia. W centralnej cz\u0119\u015bci na drewnianym pode\u015bcie prezentowane jest du\u017ce, nauczycielskie biurko na kt\u00f3rym znajduje si\u0119 reprodukcja dziennika szkolnego na oceny i uwagi, oraz przybory szkolne takie jak drewniana ekierka, linijka, drewniane liczyd\u0142o czy pi\u00f3ro z obsadk\u0105. Za biurkiem na \u015bcianie wisi czarna tablica na kt\u00f3rej pisano kred\u0105. W prawym rogu sali jest k\u0105cik w kt\u00f3rym uczniowie dbali o higien\u0119, gdzie znajduje si\u0119 drewniana umywalka szkolna z wyci\u0119tym w blacie miejscem na miednic\u0119 oraz uchwytem na r\u0119cznik.<\/p>\n","protected":false},"excerpt":{"rendered":"<p>Wchodz\u0105c do sali wystawowej \u201eDawna Klasa\u201d po prawej stronie znajduje si\u0119 odtworzona klasa szkolna. Mieszcz\u0105 si\u0119 tutaj dwa rz\u0119dy szkolnych \u0142awek w kt\u00f3rych kiedy\u015b siedzieli uczniowie. \u0141awki wykonane s\u0105 z drewna w kolorze zielonym. Ka\u017cda \u0142awka jest dwuosobowa, a po \u015brodku posiada miejsce na szklany ka\u0142amarz. Dla ka\u017cdego ucznia przygotowane jest r\u00f3wnie\u017c g\u0119sie pi\u00f3ro oraz [&hellip;]<\/p>\n","protected":false},"author":1,"featured_media":1254,"parent":163,"menu_order":145,"comment_status":"closed","ping_status":"closed","template":"","meta":{"footnotes":""},"class_list":["post-756","page","type-page","status-publish","has-post-thumbnail","hentry"],"_links":{"self":[{"href":"https:\/\/mnzp-muzealnik.pl\/index.php\/wp-json\/wp\/v2\/pages\/756","targetHints":{"allow":["GET"]}}],"collection":[{"href":"https:\/\/mnzp-muzealnik.pl\/index.php\/wp-json\/wp\/v2\/pages"}],"about":[{"href":"https:\/\/mnzp-muzealnik.pl\/index.php\/wp-json\/wp\/v2\/types\/page"}],"author":[{"embeddable":true,"href":"https:\/\/mnzp-muzealnik.pl\/index.php\/wp-json\/wp\/v2\/users\/1"}],"replies":[{"embeddable":true,"href":"https:\/\/mnzp-muzealnik.pl\/index.php\/wp-json\/wp\/v2\/comments?post=756"}],"version-history":[{"count":1,"href":"https:\/\/mnzp-muzealnik.pl\/index.php\/wp-json\/wp\/v2\/pages\/756\/revisions"}],"predecessor-version":[{"id":757,"href":"https:\/\/mnzp-muzealnik.pl\/index.php\/wp-json\/wp\/v2\/pages\/756\/revisions\/757"}],"up":[{"embeddable":true,"href":"https:\/\/mnzp-muzealnik.pl\/index.php\/wp-json\/wp\/v2\/pages\/163"}],"wp:featuredmedia":[{"embeddable":true,"href":"https:\/\/mnzp-muzealnik.pl\/index.php\/wp-json\/wp\/v2\/media\/1254"}],"wp:attachment":[{"href":"https:\/\/mnzp-muzealnik.pl\/index.php\/wp-json\/wp\/v2\/media?parent=756"}],"curies":[{"name":"wp","href":"https:\/\/api.w.org\/{rel}","templated":true}]}}