{"id":857,"date":"2025-10-22T16:34:20","date_gmt":"2025-10-22T14:34:20","guid":{"rendered":"https:\/\/mnzp-muzealnik.pl\/?page_id=857"},"modified":"2025-10-22T16:34:20","modified_gmt":"2025-10-22T14:34:20","slug":"celtic-coins-from-pikulice","status":"publish","type":"page","link":"https:\/\/mnzp-muzealnik.pl\/index.php\/en\/main-page\/the-main-building-of-the-national-museum-of-the-przemysl-region-2\/the-story-of-the-jews-of-przemysl\/celtic-coins-from-pikulice\/","title":{"rendered":"Celtic Coins from Pikulice"},"content":{"rendered":"\n<p>Six silver Celtic coins from Pikulice near Przemy\u015bl. A gift from an accidental finder. The coins&#8217; diameter ranges from 18.1 to 21 mm, their thickness from 5 to 5.7 mm, and their weight is 8.257 to 10.064 g. Silver, struck with a die. The objects date to the 2nd\u20131st century BC. The coin collection consists of six silver tetradrachms. They have a characteristic flat or concave-convex shape. The obverses of the coins feature single, large, slightly flattened protuberances with a regular, circular or oval outline. The reverses feature a schematic image of a horse facing left. Individual parts of the animal&#8217;s body, such as the tail, mane, hocks, or fetlocks, are sometimes highlighted with single dots. Circular dots arranged in various configurations appear above the horse&#8217;s back: a quadrangle, a trapezoid, a circle, or a pentagon?, while dots and triangular or teardrop-shaped markings are sometimes visible under its belly. Occasionally, a single dot is also impressed on the horse&#8217;s left side. On some coins, the stamp was applied unevenly, leaving part of the horse and other markings invisible, or individual elements of the image were blurred by heavy use. The coins belong to the Vel&#8217;k\u00fd Bysterec type and likely arrived in Poland as imports from the P\u00fachov culture. This culture flourished in northern and eastern Slovakia from the mid-3rd century BC, and its material traces are associated with the activities of the Celtic tribe of Kotyn. Representatives of this people also appeared north of the Carpathians, in the S\u0105decka and \u017bywiecka Basins. La T\u00e8ne communities brought with them new civilizational achievements: unknown tools, wheel-made pottery, ornaments, and coins they minted. The precise circumstances under which silver coins appeared in the Pikulice area are unknown. However, enclaves of Celtic settlement are documented in the upper and middle San River basin, including the Przemy\u015bl area. The presence of these societies is confirmed by finds of Celtic materials from the Bach\u00f3rz area and Celto-Dacian materials from Medyka.<\/p>\n","protected":false},"excerpt":{"rendered":"<p>Six silver Celtic coins from Pikulice near Przemy\u015bl. A gift from an accidental finder. The coins&#8217; diameter ranges from 18.1 to 21 mm, their thickness from 5 to 5.7 mm, and their weight is 8.257 to 10.064 g. Silver, struck with a die. The objects date to the 2nd\u20131st century BC. The coin collection consists [&hellip;]<\/p>\n","protected":false},"author":1,"featured_media":858,"parent":495,"menu_order":46,"comment_status":"closed","ping_status":"closed","template":"","meta":{"footnotes":""},"class_list":["post-857","page","type-page","status-publish","has-post-thumbnail","hentry"],"_links":{"self":[{"href":"https:\/\/mnzp-muzealnik.pl\/index.php\/wp-json\/wp\/v2\/pages\/857","targetHints":{"allow":["GET"]}}],"collection":[{"href":"https:\/\/mnzp-muzealnik.pl\/index.php\/wp-json\/wp\/v2\/pages"}],"about":[{"href":"https:\/\/mnzp-muzealnik.pl\/index.php\/wp-json\/wp\/v2\/types\/page"}],"author":[{"embeddable":true,"href":"https:\/\/mnzp-muzealnik.pl\/index.php\/wp-json\/wp\/v2\/users\/1"}],"replies":[{"embeddable":true,"href":"https:\/\/mnzp-muzealnik.pl\/index.php\/wp-json\/wp\/v2\/comments?post=857"}],"version-history":[{"count":1,"href":"https:\/\/mnzp-muzealnik.pl\/index.php\/wp-json\/wp\/v2\/pages\/857\/revisions"}],"predecessor-version":[{"id":859,"href":"https:\/\/mnzp-muzealnik.pl\/index.php\/wp-json\/wp\/v2\/pages\/857\/revisions\/859"}],"up":[{"embeddable":true,"href":"https:\/\/mnzp-muzealnik.pl\/index.php\/wp-json\/wp\/v2\/pages\/495"}],"wp:featuredmedia":[{"embeddable":true,"href":"https:\/\/mnzp-muzealnik.pl\/index.php\/wp-json\/wp\/v2\/media\/858"}],"wp:attachment":[{"href":"https:\/\/mnzp-muzealnik.pl\/index.php\/wp-json\/wp\/v2\/media?parent=857"}],"curies":[{"name":"wp","href":"https:\/\/api.w.org\/{rel}","templated":true}]}}