{"id":996,"date":"2025-10-27T21:10:40","date_gmt":"2025-10-27T20:10:40","guid":{"rendered":"https:\/\/mnzp-muzealnik.pl\/?page_id=996"},"modified":"2025-10-27T21:10:40","modified_gmt":"2025-10-27T20:10:40","slug":"ludwik-felczynski-with-his-partners-wladyslaw-buciak-and-alojzy-kedzielski-in-front-of-the-przemysl-foundry","status":"publish","type":"page","link":"https:\/\/mnzp-muzealnik.pl\/index.php\/en\/main-page\/museum-of-bells-and-pipes\/ludwik-felczynski-with-his-partners-wladyslaw-buciak-and-alojzy-kedzielski-in-front-of-the-przemysl-foundry\/","title":{"rendered":"Ludwik Felczy\u0144ski with his partners: W\u0142adys\u0142aw Buciak and Alojzy K\u0119dzielski in front of the Przemy\u015bl foundry"},"content":{"rendered":"\n<p>In 1938, the family business, the Felczy\u0144ski Brothers Bell Foundry in Przemy\u015bl and Ka\u0142usz, celebrated its 130th anniversary. A commemorative photograph was taken to mark the occasion, showing the owners of the Przemy\u015bl foundry among the bells. At the time, Ludwik Felczy\u0144ski (first from the left in the photo) managed the Przemy\u015bl bell foundry, and his partners were W\u0142adys\u0142aw Buciak and Alojzy K\u0119dzielski, respectively. Bells of various sizes are visible in front of them \u2013 the result of the founder&#8217;s labor. The largest instrument in the center, with a scene of the Baptism of Christ on his mantle and a beautiful crown in the form of angel figures, is noteworthy. It is unknown for which town or parish it was made. At the bottom left are four small bells made to commemorate the company&#8217;s anniversary. They are distinguished by their slightly darker color, thanks to their surface being covered with a special patina. These are known as Patriotic Bells, commemorating important events in Polish history and their heroes. The artistic design of these bell-monuments was designed by sculptor Aleksander Borawski. In 1939, the bells were displayed at the World&#8217;s Fair in New York. Due to the turmoil of war, they were never returned to Poland.<\/p>\n","protected":false},"excerpt":{"rendered":"<p>In 1938, the family business, the Felczy\u0144ski Brothers Bell Foundry in Przemy\u015bl and Ka\u0142usz, celebrated its 130th anniversary. A commemorative photograph was taken to mark the occasion, showing the owners of the Przemy\u015bl foundry among the bells. At the time, Ludwik Felczy\u0144ski (first from the left in the photo) managed the Przemy\u015bl bell foundry, and [&hellip;]<\/p>\n","protected":false},"author":1,"featured_media":0,"parent":530,"menu_order":151,"comment_status":"closed","ping_status":"closed","template":"","meta":{"footnotes":""},"class_list":["post-996","page","type-page","status-publish","hentry"],"_links":{"self":[{"href":"https:\/\/mnzp-muzealnik.pl\/index.php\/wp-json\/wp\/v2\/pages\/996","targetHints":{"allow":["GET"]}}],"collection":[{"href":"https:\/\/mnzp-muzealnik.pl\/index.php\/wp-json\/wp\/v2\/pages"}],"about":[{"href":"https:\/\/mnzp-muzealnik.pl\/index.php\/wp-json\/wp\/v2\/types\/page"}],"author":[{"embeddable":true,"href":"https:\/\/mnzp-muzealnik.pl\/index.php\/wp-json\/wp\/v2\/users\/1"}],"replies":[{"embeddable":true,"href":"https:\/\/mnzp-muzealnik.pl\/index.php\/wp-json\/wp\/v2\/comments?post=996"}],"version-history":[{"count":1,"href":"https:\/\/mnzp-muzealnik.pl\/index.php\/wp-json\/wp\/v2\/pages\/996\/revisions"}],"predecessor-version":[{"id":997,"href":"https:\/\/mnzp-muzealnik.pl\/index.php\/wp-json\/wp\/v2\/pages\/996\/revisions\/997"}],"up":[{"embeddable":true,"href":"https:\/\/mnzp-muzealnik.pl\/index.php\/wp-json\/wp\/v2\/pages\/530"}],"wp:attachment":[{"href":"https:\/\/mnzp-muzealnik.pl\/index.php\/wp-json\/wp\/v2\/media?parent=996"}],"curies":[{"name":"wp","href":"https:\/\/api.w.org\/{rel}","templated":true}]}}